e (-1)/6 + (-12)/(576/280). Let z = -6 - g. Give x(z).
-3
Let k(s) = -7*s**3 + 11*s**2 + 6*s + 1. Let o(u) = -20*u**3 + 32*u**2 + 18*u + 2. Let t(y) = 17*k(y) - 6*o(y). Suppose 5*v - 30 = -0*v. Determine t(v).
5
Suppose 5*h - 3*a + 10 = -12, h - 2*a = -10. Let s(z) = z**2 - 1. Determine s(h).
3
Let y(p) be the second derivative of -p**4/12 - p**3/6 + p + 33. What is y(2)?
-6
Let g(w) = w - 15. Suppose 0 = 4*y - 8*y + 3*b - 59, 0 = 4*y + 7*b + 9. Determine g(y).
-26
Let v(u) = u - 10. Suppose w + 24 = 4*g, -3*g - 5*w + 8 = -10. Give v(g).
-4
Let s(i) = -i**3 - 21*i**2 - 19*i + 18. Let l(x) = -3*x**2 - 12*x - 5. Let c be l(-5). Calculate s(c).
-2
Let s(f) be the first derivative of -f**5/60 + f**4/6 - f**3/3 - 5*f**2 + 2. Let u(b) be the second derivative of s(b). Determine u(4).
-2
Let m = 964 - 974. Let n(d) = d**2 + 15*d + 53. Give n(m).
3
Let l(d) be the third derivative of -d**7/840 - d**6/360 + d**5/120 - d**4/6 + d**3 + 15*d**2. Let q(j) be the first derivative of l(j). Determine q(-3).
11
Suppose -32 - 18 = 5*a. Let v = 4 + a. Let r(t) = 2*t - t - 15 - 5 + 26. What is r(v)?
0
Let t(z) be the third derivative of -z**7/420 - 5*z**4/3 + 7*z**2. Let j(y) be the second derivative of t(y). Calculate j(1).
-6
Let h = -1350 - -1358. Let d(x) = 7*x - 13. Let p(k) = 8*k - 14. Let j(r) = 7*d(r) - 6*p(r). Calculate j(h).
1
Let z(u) be the third derivative of -u**5/60 + u**4/3 + u**3 + 4*u**2 + 12. Give z(7).
13
Let o(v) be the second derivative of -v**4/12 - v**3/6 + v**2 - 90*v. Determine o(5).
-28
Let h(p) = p**3 + 30*p**2 + 60*p + 121. Let f be h(-28). Let z(c) = 3*c - 20. Calculate z(f).
7
Let n(l) be the third derivative of 4*l**2 + 7/24*l**4 + 0 + 0*l - 1/60*l**5 + 1/6*l**3. Calculate n(3).
13
Let b(l) = -l**2 + 9*l - 7. Suppose 0 = -5*s + 15, 0 = -m + 2*s - 3 + 5. Calculate b(m).
1
Let i = 283 - 281. Let r(p) be the first derivative of i + 1/2*p**2 - 1/3*p**3 + 2*p. Give r(-2).
-4
Let d(r) = -3*r**2 + r + 2. Let t be d(-1). Let x be t + -2*(1 - 2). Let j(b) be the first derivative of b**2/2 - b - 8. Give j(x).
-1
Let l(u) = u**2 - 2*u + 1. Let p be 6/(-5) - (-12)/(-15). Determine l(p).
9
Let p(i) = -i**2 + i - 1. Let s(n) = n**2 + n - 11. Suppose 7*x = 3*x. Let z be s(x). Let r = z - -14. Give p(r).
-7
Let s(x) = 6*x - 8. Let c be s(2). Suppose -m + 5*f + 18 = 0, 0*m - 3*m = -5*f - c. Let k(g) = g**3 + 6*g**2 - 5*g + 1. Determine k(m).
-13
Let f(i) = i. Let c be f(3). Suppose -5*d - 6*s + 10 = -s, -2*s = -3*d + 11. Let b(m) = d - 1 - 29*m - 3 + 32*m. Give b(c).
8
Let t(n) be the second derivative of n**4/12 + 7*n**3/6 + 3*n**2 + 2*n. Let z(r) = 2*r**2 + 2*r - 4. Let o be z(0). Calculate t(o).
-6
Let q(o) = -o. Let l(x) = -2*x + 2. Let m(k) = -2*l(k) + 6*q(k). Let f(z) = -7*z - 10. Suppose -3*n + 2 - 5 = 0. Let p be f(n). Determine m(p).
2
Let f(n) = -4*n**2 + 6*n - 7. Let y be (-1)/(-4) - (-504)/288. Determine f(y).
-11
Let b(z) = -18*z**2 - 12*z + 13. Let n(o) = -4*o**2 - o + 1. Let c(s) = b(s) - 4*n(s). What is c(-7)?
-33
Let a(p) = -6*p**2 + 19*p + 16. Let j(m) = 3*m**2 - 10*m - 9. Let v(g) = 6*a(g) + 11*j(g). Give v(2).
-7
Let f(s) = s**3 + 4*s**2 + s + 3. Let z be 5 + 8 + -6 + -12. Determine f(z).
-27
Let m(s) = 7*s - 8*s + 2*s - 6. What is m(-5)?
-11
Let k = -26 - -28. Suppose -4*w - 4*u + 0 = 8, -k*u = -6. Let h(a) = 3*a**2 + 26*a. Let x(b) = b**2 + 9*b. Let t(z) = 4*h(z) - 11*x(z). What is t(w)?
0
Let v(a) = 29*a**2 - 2 - 26*a**2 - 9*a + 7*a + 5*a. Calculate v(-2).
4
Let l = -357 + 362. Let f(m) = m**3 - m - 1. Let t(j) = 3*j**3 - 6*j**2 + 5*j - 8. Let a(u) = -2*f(u) + t(u). Determine a(l).
4
Let o(s) = -s**2 - 4*s + 6. Let m = 61 - 57. What is o(m)?
-26
Let y(m) = m**2 + 2*m. Let k(j) = j**3 + 13*j**2 - 13*j - 13. Let h(d) = -k(d) - 6*y(d). Determine h(-19).
-6
Let y(n) = 17*n + 3. Let h(k) = 19*k + 2. Let l(w) = -6*h(w) + 7*y(w). Determine l(-4).
-11
Suppose 0 = 2*o - 3 - 3. Let k(l) = -4*l**2 + 6 - 2*l**3 + 5*l - l + l**o. Suppose 10*v + 432 - 382 = 0. What is k(v)?
11
Let o(d) = -d**3 + 11*d**2 - 13*d + 11. Suppose -60 = -138*s + 132*s. Determine o(s).
-19
Let f(k) = -6*k + 1. Let b = -301 - -205. Let u be b/54 - (-4)/(-18). Let c be -4 - (u - 0/(-4)). Determine f(c).
13
Let k(y) = -13*y - 3*y**2 + 2*y**2 + 984 - 1000. Determine k(-12).
-4
Let s(r) = -r**3 - r**2 + r. Suppose 0 = 4*n - 137 + 21. Suppose z = o - 1, -n = -2*z - 5*o - 10. Give s(z).
-10
Suppose -u - 5 = j, 2*j - 9 = 3*u + 1. Let y be (1 + -3)*(u + 7). Let l(v) = v**2 + 3*v - 5. What is l(y)?
13
Let o(d) = d**2 - 6*d + 2. Let t(p) = 10*p**2 - 24*p + 7. Let k(w) = w**2. Let n(a) = -6*k(a) + t(a). Let i(y) = 2*n(y) - 9*o(y). Determine i(4).
4
Suppose 0 = -11*j - 131 + 21. Let x(p) = -p**2 - 8*p + 16. Give x(j).
-4
Let i(a) be the second derivative of a**4/12 + a**3/3 - 6*a**2 + 13*a - 2. Give i(0).
-12
Let r(m) = 0*m - 10*m - 4 + 8*m + 7*m. Give r(5).
21
Let x(k) = -3 + 2 + 8*k**2 - 7*k + 3. Let i(s) = -7*s**2 + 6*s - 2. Let p(l) = -7*i(l) - 6*x(l). Give p(0).
2
Let h(c) = c + 12. Suppose 2*m + 1 = 2*p - 17, 2*p = 3*m + 23. Let n be h(m). Let u(l) = -1 - n*l - 2*l**2 + 10*l - 2. Give u(2).
-5
Let u(q) be the second derivative of q**4/12 + 5*q**3/6 - 9*q**2/2 + 10*q. Let j be u(-6). Let b(f) = 2*f**2 + 4*f. Give b(j).
6
Let t(i) = -4*i - 1. Suppose 28 = 4*m - 3*x, m + 9*x - 13*x = 20. Calculate t(m).
-17
Let u(s) be the first derivative of -2*s**2 + 3*s**2 + 0*s - 8 - s. What is u(-3)?
-7
Let a(m) = m**3 + 3*m**2 + 2*m. Let i be a(-2). Suppose i = c - 5*c + 20. Let z(j) = -j. Determine z(c).
-5
Let o(q) = -22*q + 1. Suppose -20*l - 26 = -6. What is o(l)?
23
Let y = -198 + 192. Let t(p) = -2*p**2 - 12*p + 4. Determine t(y).
4
Let o(y) be the first derivative of -18 + 52 - 24 - 2*y**3. Give o(-1).
-6
Let p(z) be the third derivative of -z**5/20 - z**3/6 - 65*z**2. Give p(-1).
-4
Let f(c) = c**3 - 3*c**2 - 9*c + 7. Let d(b) = -b**2 - 8*b + 8. Let g(y) = 3*d(y) - 2*f(y). Give g(2).
-6
Let g(i) = -i + 4. Let r be g(4). Let k = r + 0. Let m(q) = -32*q**2 + 117 - 124 - 29*q**2 - 40*q**2 + 102*q**2. What is m(k)?
-7
Suppose 0 = 5*v - 0*v + 4*n - 94, 5*v = -2*n + 102. Let q = v - 27. Let z(t) = -t - 4. Give z(q).
1
Suppose 111*b - 96*b = -45. Let u(c) = c + 1. Let z(h) = -4*h - 2. Let l(y) = -3*u(y) - z(y). What is l(b)?
-4
Let k(p) = -4*p - 3. Let b(r) = -7*r - 4. Let j(l) = -2*b(l) + 3*k(l). Calculate j(3).
5
Let h(w) = -13*w**2 + 27*w - 32. Let d(g) = -5*g**2 + 9*g - 11. Let o(q) = 8*d(q) - 3*h(q). Give o(-10).
-2
Let j(w) = -w**3 - 16*w**2 - 31*w - 38. Let m be j(-14). Let s(i) be the third derivative of 1/60*i**5 + i**3 + 0 - 7/24*i**m + 0*i + 7*i**2. Give s(4).
-6
Let q be (384/60 + (-9)/(-15))*1. Let u(l) = l**2 - 7*l + 3. Give u(q).
3
Let z(o) = o - 1. Let y(n) = -n**2 + 2*n + 20. Let k be y(6). Give z(k).
-5
Let c(y) = -y**2 - 5*y. Let m be 22*(3 + 22/(-4)). Let p = m + 50. Calculate c(p).
0
Let a(d) = -20*d - 126. Let p(c) = 6*c + 36. Let r(g) = 5*a(g) + 18*p(g). Give r(-5).
-22
Let u(m) = -m**2 + 8*m - 1. Let n(b) = 6*b**2 - 40*b + 5. Let z(w) = -2*n(w) - 11*u(w). Let d = -911 - -903. Give z(d).
1
Let i(c) = 6*c**3 - 4*c**3 - 5*c**3 + 8*c**2 + 2*c**3 - 3 - 8*c. Give i(6).
21
Let q(x) = -x**2 + 7*x - 3. Let g(d) = -d**2 - 10*d + 7. Let a(c) = 2*c. Let n be a(3). Let w be (-4 - n)/(2 + -1). Let s be g(w). Determine q(s).
-3
Let x(l) = -4*l - 6*l - l + 14*l - 3. What is x(-4)?
-15
Let h(g) be the third derivative of -1/8*g**4 - 1/120*g**6 + 0 + 4*g - 7/6*g**3 - 7/60*g**5 + g**2. Determine h(-7).
14
Suppose -h + 40 = -3*x, 4*h + 19 = -x - 3. Let w(q) = q**2 + 13*q - 8. Calculate w(x).
6
Let k(t) = 2*t - 11. Let i be k(-14). Let o be 8/52 + 6/i. Let l(n) = -n**2 - n - 2. Give l(o).
-2
Let q(h) = -h**3 - h**2 + h - 1. Let y(j) = j**3 + 12*j**2 - 29*j - 7. Let m be y(-14). Suppose 4*z = -15 + m. Give q(z).
1
Let g(w) = -w**2 + 2. Let c(h) = h**2 + 7*h + 4. Let a be c(-7). What is g(a)?
-14
Let y be 3/9 - (-4 - (-26)/6). Let k(b) be the second derivative of b**4/12 + 4*b**2 + 7*b. Determine k(y).
8
Let q(f) be the second derivative of -f**4/12 + 3*f**3/2 - 5*f**2/2 - 49*f - 1. Give q(9).
-5
Suppose 5*b - m = -6*m + 20, -4*m + 8 = 0. Let i(s) be the first derivative of 14 - 2/3*s**3 - 3*s + 2*s**2. Give i(b).
-3
Let p(o) be the third derivative of -4*o**2 - 1/24*o**4 - 5/3